 factors of 63032.
2, 7879
What are the prime factors of 650877?
3, 23, 9433
List the prime factors of 645780.
2, 3, 5, 47, 229
List the prime factors of 2137140.
2, 3, 5, 31, 383
List the prime factors of 673172.
2, 168293
What are the prime factors of 1341424?
2, 7, 29, 59
List the prime factors of 655528.
2, 67, 1223
List the prime factors of 320205.
3, 5, 21347
What are the prime factors of 597592?
2, 74699
What are the prime factors of 5326911?
3, 197293
List the prime factors of 1990498.
2, 223, 4463
What are the prime factors of 240624?
2, 3, 557
List the prime factors of 3033670.
2, 5, 303367
List the prime factors of 59702.
2, 29851
What are the prime factors of 413370?
2, 3, 5, 1531
What are the prime factors of 2445782?
2, 313, 3907
List the prime factors of 76778.
2, 13, 2953
What are the prime factors of 3480585?
3, 5, 47, 4937
List the prime factors of 1379272.
2, 53, 3253
What are the prime factors of 2267987?
17, 89, 1499
What are the prime factors of 118790?
2, 5, 7, 1697
What are the prime factors of 2834?
2, 13, 109
What are the prime factors of 2696263?
631, 4273
List the prime factors of 24868468.
2, 41, 151637
What are the prime factors of 18303994?
2, 9151997
List the prime factors of 3428530.
2, 5, 7, 6997
What are the prime factors of 10485374?
2, 127, 41281
What are the prime factors of 1628470?
2, 5, 162847
List the prime factors of 83570.
2, 5, 61, 137
What are the prime factors of 5166623?
7, 11, 17, 3947
List the prime factors of 173713.
173713
What are the prime factors of 3095166?
2, 3, 515861
List the prime factors of 905342.
2, 452671
What are the prime factors of 1831346?
2, 11, 83243
List the prime factors of 9316535.
5, 1863307
List the prime factors of 204549.
3, 41, 1663
What are the prime factors of 5112773?
97, 52709
What are the prime factors of 247436?
2, 7, 8837
List the prime factors of 1246252.
2, 7, 47, 947
What are the prime factors of 5105776?
2, 13, 24547
What are the prime factors of 125942?
2, 62971
What are the prime factors of 193305?
3, 5, 7, 263
What are the prime factors of 3851665?
5, 367, 2099
List the prime factors of 797247.
3, 11, 8053
What are the prime factors of 575479?
575479
List the prime factors of 1621904.
2, 167, 607
List the prime factors of 1662925.
5, 11, 6047
What are the prime factors of 353509?
13, 71, 383
What are the prime factors of 9547503?
3, 7, 107, 607
What are the prime factors of 2389956?
2, 3, 277, 719
What are the prime factors of 71436?
2, 3, 5953
List the prime factors of 1148959.
7, 151, 1087
List the prime factors of 3190186.
2, 17, 101, 929
List the prime factors of 1342074.
2, 3, 223679
List the prime factors of 222748.
2, 233, 239
List the prime factors of 11492670.
2, 3, 5, 7, 54727
List the prime factors of 48835.
5, 9767
What are the prime factors of 76564?
2, 19141
What are the prime factors of 136482?
2, 3, 23, 43
What are the prime factors of 2473232?
2, 331, 467
List the prime factors of 20517885.
3, 5, 455953
List the prime factors of 3045570.
2, 3, 5, 11, 839
What are the prime factors of 463214?
2, 231607
What are the prime factors of 26093954?
2, 19, 37, 67, 277
What are the prime factors of 3933008?
2, 401, 613
List the prime factors of 1570244.
2, 13, 30197
List the prime factors of 440585.
5, 88117
List the prime factors of 46499.
46499
What are the prime factors of 857816?
2, 107227
What are the prime factors of 18700083?
3, 439, 4733
What are the prime factors of 5450754?
2, 3, 908459
List the prime factors of 271270.
2, 5, 27127
What are the prime factors of 2183504?
2, 239, 571
What are the prime factors of 26184890?
2, 5, 547, 4787
List the prime factors of 2281993.
7, 325999
What are the prime factors of 1595801?
1595801
What are the prime factors of 25700485?
5, 877, 5861
What are the prime factors of 8579616?
2, 3, 89371
What are the prime factors of 23835985?
5, 4767197
List the prime factors of 5756613.
3, 631, 3041
List the prime factors of 3044790.
2, 3, 5, 7, 179
List the prime factors of 1013972.
2, 253493
What are the prime factors of 4846165?
5, 969233
List the prime factors of 6698361.
3, 127, 17581
List the prime factors of 2741652.
2, 3, 76157
List the prime factors of 1885413.
3, 157, 4003
What are the prime factors of 445788?
2, 3, 7, 29, 61
List the prime factors of 1886378.
2, 13, 5581
What are the prime factors of 400143?
3, 83, 1607
What are the prime factors of 178754?
2, 139, 643
What are the prime factors of 915407?
41, 83, 269
What are the prime factors of 1333607?
11, 41, 2957
List the prime factors of 3265262.
2, 7, 11, 13, 233
List the prime factors of 10900751.
2939, 3709
What are the prime factors of 1794126?
2, 3, 67, 4463
List the prime factors of 10815174.
2, 3, 37, 5413
List the prime factors of 60503.
17, 3559
What are the prime factors of 949684?
2, 137, 1733
List the prime factors of 5553705.
3, 5, 370247
List the prime factors of 5363334.
2, 3, 33107
What are the prime factors of 4001725?
5, 7, 13, 1759
List the prime factors of 3850763.
7, 89, 883
What are the prime factors of 15189812?
2, 11, 97, 3559
List the prime factors of 4185171.
3, 465019
What are the prime factors of 6417748?
2, 1604437
List the prime factors of 4701848.
2, 587731
What are the prime factors of 287759?
17, 16927
List the prime factors of 6702288.
2, 3, 19, 7349
List the prime factors of 4959692.
2, 1239923
What are the prime factors of 15468641?
19, 814139
List the prime factors of 3705578.
2, 1852789
List the prime factors of 2802921.
3, 11, 157, 541
What are the prime factors of 3432709?
7, 269, 1823
List the prime factors of 18428991.
3, 7, 193, 4547
What are the prime factors of 22429274?
2, 7, 1602091
List the prime factors of 564719.
23, 43, 571
List the prime factors of 4214622.
2, 3, 127, 5531
What are the prime factors of 448507?
71, 6317
List the prime factors of 3602950.
2, 5, 13, 23, 241
List the prime factors of 284005.
5, 79, 719
What are the prime factors of 20812484?
2, 7, 11, 6143
What are the prime factors of 14950557?
3, 1661173
What are the prime factors of 9766911?
3, 7, 11, 42281
List the prime factors of 129242.
2, 64621
What are the prime factors of 7545898?
2, 43, 87743
What are the prime factors of 15188849?
13, 47, 24859
What are the prime factors of 362758?
2, 11, 1499
What are the prime factors of 197041?
13, 23, 659
What are the prime factors of 246852?
2, 3, 6857
List the prime factors of 1443022.
2, 7, 59, 1747
What are the prime factors of 5496740?
2, 5, 274837
What are the prime factors of 8080483?
8080483
List the prime factors of 7508098.
2, 13, 288773
List the prime factors of 216874.
2, 7, 2213
What are the prime factors of 133560?
2, 3, 5, 7, 53
List the prime factors of 21646386.
2, 3, 400859
What are the prime factors of 6397505?
5, 857, 1493
What are the prime factors of 10102846?
2, 13, 29, 13399
List the prime factors of 2046223.
2046223
List the prime factors of 548958.
2, 3, 91493
What are the prime factors of 14579170?
2, 5, 29, 50273
What are the prime factors of 199562?
2, 11, 47, 193
What are the prime factors of 5932083?
3, 1977361
List the prime factors of 951357.
3, 11, 127, 227
What are the prime factors of 3753798?
2, 3, 37, 457
What are the prime factors of 1639839?
3, 546613
List the prime factors of 1269988.
2, 37, 8581
What are the prime factors of 603230?
2, 5, 179, 337
What are the prime factors of 4077771?
3, 31, 163, 269
What are the prime factors of 27377412?
2, 3, 17, 43, 3121
List the prime factors of 6451540.
2, 5, 163, 1979
List the prime factors of 87.
3, 29
List the prime factors of 1424702.
2, 17, 41903
What are the prime factors of 2703129?
3, 11, 13, 6301
What are the prime factors of 2796018?
2, 3, 23, 20261
List the prime factors of 4652.
2, 1163
List the prime factors of 2431089.
3, 270121
List the prime factors of 11477485.
5, 157, 14621
List the prime factors of 16983395.
5, 11, 13, 23753
What are the prime factors of 6688062?
2, 3, 123853
List the prime factors of 2519.
11, 229
List the prime factors of 1122548.
2, 7, 47, 853
List the prime factors of 6286544.
2, 11, 23, 1553
What are the prime factors of 41897995?
5, 8379599
List the prime factors of 4632621.
3, 7, 59, 3739
What are the prime factors of 1706066?
2, 853033
List the prime